 8, what is -1256 - 357?
-1635
In base 13, what is -6 + 9aa?
9a4
In base 6, what is -122 + 231?
105
In base 12, what is 23931 + 4?
23935
In base 7, what is 10022635 - -5?
10022643
In base 16, what is -2a8b5 - -2?
-2a8b3
In base 12, what is -35b + -a31?
-1190
In base 10, what is 0 + 31954?
31954
In base 16, what is -79 - -d652?
d5d9
In base 4, what is -3023232 + 10?
-3023222
In base 16, what is -649 - 69?
-6b2
In base 7, what is -2350522 - 0?
-2350522
In base 5, what is -4 - -3042310?
3042301
In base 8, what is 540512 - 1?
540511
In base 7, what is 30300 + 2?
30302
In base 4, what is 1233011112 + -1?
1233011111
In base 15, what is -d8a + -433?
-12bd
In base 2, what is -11101100011 + -11010010?
-100000110101
In base 5, what is -32302 + -33?
-32340
In base 15, what is c9 + e4?
1bd
In base 4, what is 2333 + -2232?
101
In base 2, what is -11 + -11011101110101?
-11011101111000
In base 5, what is 24 - 41?
-12
In base 7, what is -6651621 + -2?
-6651623
In base 7, what is -4143 + -152?
-4325
In base 6, what is -1311352 + 50?
-1311302
In base 7, what is 3416 - -506?
4225
In base 13, what is c0b + 6?
c14
In base 16, what is 2adcf + -1c?
2adb3
In base 3, what is 21000110101110 - 11?
21000110101022
In base 8, what is 106 + -5636?
-5530
In base 12, what is 3018 - -6?
3022
In base 11, what is 16 - 9122a?
-91214
In base 10, what is -347258 - -5?
-347253
In base 5, what is -10 + -200342?
-200402
In base 3, what is -102222100 + -202?
-110000002
In base 4, what is 1 - -121323111?
121323112
In base 13, what is 4 - -c980?
c984
In base 10, what is 4 + -39102?
-39098
In base 3, what is 10021 + -1010?
2011
In base 14, what is -175192 + 1?
-175191
In base 6, what is 3 + 2043230?
2043233
In base 12, what is 208 - 21a?
-12
In base 11, what is 222a + 15?
2244
In base 16, what is -4154e3 - -3?
-4154e0
In base 12, what is -37 + 96b?
934
In base 9, what is 1061170 + -3?
1061166
In base 14, what is -82 + 274?
1d2
In base 11, what is 186 - 645?
-46a
In base 2, what is 111001110111 - -10?
111001111001
In base 2, what is 10 - 100011000011011011110?
-100011000011011011100
In base 7, what is -2521 + 34?
-2454
In base 7, what is 1044 - 520?
224
In base 6, what is -1022 - 15143?
-20205
In base 15, what is 1345e - 1?
1345d
In base 14, what is -3 - d9b5?
-d9b8
In base 15, what is -17 + -341?
-358
In base 14, what is -6 + -605?
-60b
In base 15, what is -1b5 - 2c2?
-487
In base 13, what is 37 - -12308?
12342
In base 3, what is 12 + 210212021?
210212110
In base 9, what is -3 + -215503?
-215506
In base 6, what is -21002 - -221?
-20341
In base 3, what is 21000200000 + 212?
21000200212
In base 9, what is 58 - 2015?
-1846
In base 6, what is -15433 - -3215?
-12214
In base 7, what is -305350 - 14?
-305364
In base 14, what is -3 - -10d71?
10d6c
In base 5, what is 112 - 114012?
-113400
In base 6, what is -540 + 111?
-425
In base 4, what is 30330220122 + 0?
30330220122
In base 15, what is -653 + -81?
-6d4
In base 7, what is 63 + -203?
-110
In base 4, what is -110 + 100222313?
100222203
In base 13, what is 5 - 10718?
-10713
In base 14, what is 110c11 + 0?
110c11
In base 7, what is -326 - 4032?
-4361
In base 10, what is 29 + -3075?
-3046
In base 8, what is -10065174 - 4?
-10065200
In base 8, what is -11201533 + -4?
-11201537
In base 9, what is -8242836 + -1?
-8242837
In base 12, what is 269618 + 2?
26961a
In base 9, what is -48 + 1470?
1421
In base 11, what is -5 - 2a832?
-2a837
In base 11, what is -3520 - 11?
-3531
In base 5, what is 2042024 + 11?
2042040
In base 6, what is -1101510 + -1?
-1101511
In base 4, what is -103211123 - -1?
-103211122
In base 5, what is 30400 - 22214?
3131
In base 11, what is 58 + 2747?
27a4
In base 2, what is 1000000010010 - -100011?
1000000110101
In base 15, what is -6 - -698?
692
In base 12, what is 70 - 2253?
-21a3
In base 10, what is 36780 - -86?
36866
In base 16, what is 10 + -318?
-308
In base 14, what is 0 - c861?
-c861
In base 10, what is -4 - 147248?
-147252
In base 7, what is -42 + 62113?
62041
In base 16, what is 2f4 + -2?
2f2
In base 10, what is -584 - -251?
-333
In base 11, what is 2077 - -97?
2163
In base 4, what is -2221 + 102122?
33301
In base 9, what is 111772 + -1?
111771
In base 11, what is 0 - 5444?
-5444
In base 9, what is -2024 + -140?
-2164
In base 13, what is -53 + 1086?
1033
In base 6, what is -2050 - -2355?
305
In base 5, what is -220334 - -1411?
-213423
In base 5, what is -12 - -403121?
403104
In base 14, what is -1 - -17d6d?
17d6c
In base 14, what is -c8b - 62?
-d0d
In base 2, what is 11011000 + -11111100110?
-11100001110
In base 15, what is -2 + -3021?
-3023
In base 12, what is 220 - 57?
185
In base 5, what is -34 + -2213402?
-2213441
In base 16, what is -d1 + 168?
97
In base 9, what is 2 + 13570?
13572
In base 14, what is 181c8 - 5?
181c3
In base 8, what is 4025 + 406?
4433
In base 10, what is -1 - 25829?
-25830
In base 5, what is -1143143 + 323?
-1142320
In base 4, what is -10 + 3130211?
3130201
In base 12, what is 5ba7 - -1?
5ba8
In base 6, what is -2 + 103242?
103240
In base 8, what is -4 - -224213?
224207
In base 4, what is -130331 + -2012?
-133003
In base 2, what is -10100110101 + -101101?
-10101100010
In base 14, what is -888d + -4?
-8893
In base 6, what is 132351153 - 4?
132351145
In base 5, what is -2 - -12101233?
12101231
In base 4, what is 10230120 + 1?
10230121
In base 13, what is 7512 - 1?
7511
In base 13, what is 7092 + -9c?
6cc3
In base 14, what is -11 + b63b?
b62a
In base 15, what is 9 - 3886e?
-38865
In base 10, what is 1283490 + -5?
1283485
In base 11, what is -42535 + -2a?
-42564
In base 14, what is -7 + 1b1c8?
1b1c1
In base 16, what is 2 + 259ae?
259b0
In base 15, what is -1d0d6 - 3?
-1d0d9
In base 15, what is -11813 - 1?
-11814
In base 4, what is 11 + 112300122?
112300133
In base 12, what is -31 + 752?
721
In base 12, what is -20197 + 3?
-20194
In base 7, what is 0 - -20315?
20315
In base 5, what is -41102 + 14?
-41033
In base 16, what is -34 - -1e8?
1b4
In base 3, what is 12 + 2212200222?
2212201011
In base 2, what is 10011100110100 + -11100111?
10011001001101
In base 16, what is -1a - ec?
-106
In base 10, what is -88984 + 3?
-88981
In base 5, what is 2001 - 142?
1304
In base 16, what is 4a + -6f1?
-6a7
In base 6, what is -412222 + 5?
-412213
In base 2, what is 1101100000 - 11010000?
1010010000
In base 16, what is -1643 - d?
-1650
In base 16, what is -12b6 - 8?
-12be
In base 2, what is 11 + -1001100100100101?
-1001100100100010
In base 11, what is -6a - 396?
-455
In base 13, what is 5 - -185bc?
185c4
In base 4, what is -2 - 103101101?
-103101103
In base 16, what is -faa7 - -f?
-fa98
In base 16, what is -5136 + 1?
-5135
In base 3, what is 120 + 1102110?
1110000
In base 2, what is -11100100010111100 + 1?
-11100100010111011
In base 7, what is -21166 - 3?
-21202
In base 12, what is 9 + 1a?
27
In base 4, what is 122230 - -312?
123202
In base 10, what is -4 + -11999?
-12003
In base 7, what is 13561 - 23?
13535
In base 14, what is 686 - -2?
688
In base 6, what is -40415 + 222?
-40153
In base 4, what is 1310 - 13220?
-11310
In base 4, what is -112022222 - -1?
-112022221
In base 13, what is -b177 + -3?
-b17a
In base 9, what is -5 - 82211?
-82216
In base 16, what is -7f48 + 8?
-7f40
In base 11, what is -116 - 247a?
-2595
In base 14, what is -83 - 272?
-315
In base 6, what is 213201 + 32?
213233
In base 7, what is -63 + -223?
-316
In base 13, what is 2 - c80?
-c7b
In base 5, what is 3202 - -10233?
13440
In base 16, what is -ff7f - 6?
-ff85
In base 2, what is -1110101101101001101 + 11?
-1110101101101001010
In base 2, what is 11001010011 + 10?
11001010101
In base 15, what is -50 - 132c?
-137c
In base 15, what is -180198 - -2?
-180196
In base 10, what is 484065 - 0?
484065
In base 15, what is -142 + 14d?
b
In base 7, what is 5 - -36246?
36254
In base 10, what is -13 + 87029?
87016
In base 16, what is -22 - -919?
8f7
In base 5, what is -10220223 + -1?
-10220224
In base 4, what is -221220 - -1331?
-213223
In base 6, what is -10 - 2555113?
-2555123
In base 8, what is -22 - 51451?
-51473
In base 15, what is d + -990?
-982
In base 6, what is -2053513 + 42?
-2053431
In base 8, what is -1 - 2730?
-2731
In base 13, what is -200681 - 1?
-200682
In base 3, what is -1202 - 1101202?
-1110111
In base 10, what is -4 - -49691?
49687
In base 5, 